*g + 5*m. Let f(p) = p - 29. What is f(g)?
-42
Let s = 1196 - 1160. Let a(z) = -z**2 + 34*z + 76. What is a(s)?
4
Let l(f) = 4*f + 5*f + f**2 + 6 - f. Let r(o) = o**2 - 4*o + 5. Let x be r(5). Suppose -16*s - x - 70 = 0. What is l(s)?
-9
Let m(k) = k**3 - 7*k**2 + 3*k + 10. Let g be (-880)/(-150) + 2/15. Give m(g).
-8
Let u(r) = -40 + 6274*r - 6282*r + 3 - 29. Calculate u(-8).
-2
Let u be (-21)/(-24) + (-8)/(-128)*2. Let j(m) = m**2 - 3*m + 2. What is j(u)?
0
Let r(q) = 18*q. Let n = -108 - -104. Let i be -10*8/(-120)*6/n. Give r(i).
-18
Let q(b) = b**2 - 4*b. Let r(g) = 56*g + 31*g - 31 + g**2 - 103*g. Let i be r(18). Calculate q(i).
5
Let d(n) = -3*n**2 + 5 + 2*n**2 + 2 + 7*n. Suppose 350 = 23*f + 47*f - 70. Determine d(f).
13
Suppose 4*s - 2*a - 4 = 0, -3*s = -6*s + 4*a - 7. Let c(j) = -j - 3*j**s + 33 + 33 - 68 - 2*j**2. What is c(-2)?
16
Let j(r) = -3*r**2 + 8*r. Let w be j(3). Let y(n) = 13*n + 16. Determine y(w).
-23
Let q(j) be the second derivative of -j**3/3 + j**2 + j - 56. Let c(f) = 4*f + 11. Let o(x) = -c(x) - q(x). Calculate o(-6).
-1
Suppose o + 6 = 5*s, 26 = -4*o + 9*o + 3*s. Let i(d) = -d**2 + 2*d. Let x be i(2). Let w(z) = 0*z + x*z + 0*z - 3 + 2*z. What is w(o)?
5
Suppose -312*t + 775 = 151. Let j(v) = -2*v**3 - 3*v**2 - v + 7. Determine j(t).
-23
Let w(n) = 2*n**2 - 11*n + 25. Let d be w(5). Let r(q) = -d*q - 17*q - 2*q**2 - 3*q**3 + 3 + 39*q. Suppose 6 + 4 = -5*h. Determine r(h).
15
Let y be 120/14 + (-7)/98*8. Suppose -9*q + y*q = 9. Let c(h) = -h - 11. Determine c(q).
-2
Let a(q) = -9*q**2 + 3. Let f(l) = -8*l**2 + 3. Let z(s) = 5*a(s) - 6*f(s). Let w(d) be the first derivative of z(d). What is w(-3)?
-18
Suppose 2*d = 2*l + 3*d - 14, -2*l + 3*d - 2 = 0. Let u(q) = 2*q - 3. Let c(b) = -2*b + 2. Let h(n) = -3*c(n) - 2*u(n). Give h(l).
10
Let k(o) = o - 1. Let l = 3816 + -3806. What is k(l)?
9
Let i be 4/(-2) + (-20)/4 + 4. Let z(r) = 3 - 6 + r**3 + 3*r**2 + 4. Give z(i).
1
Let o(i) be the second derivative of i**4/12 + 3*i**3/2 - 7*i**2/2 + 2169*i - 1. Give o(-8).
-15
Let w(a) = -239*a - 238*a - 235*a + 707*a. Let g(k) = 2*k - 1. Let r(x) = 3*g(x) + w(x). What is r(-5)?
-8
Let x(i) = -22521*i**2 + 11258*i**2 + 11262*i**2 + 37 + 22*i. Give x(23).
14
Let c(x) = 8*x + 11. Suppose -2*f = 3*f - 4*a + 25, -f = -5*a + 26. Let k be c(f). Let z(g) = -2*g**3 + 5*g**2 - 3*g - 1. Calculate z(k).
-19
Let q(p) = 2*p**2 - 8*p - 10. Let i be q(5). Suppose -4*r - 4 = -6*r. Let k(l) = l - r*l + 2*l + 0*l + 7. Calculate k(i).
7
Let t(m) = 44*m - 29. Let u(p) = 4*p + 5. Let s(a) = -t(a) + 5*u(a). What is s(2)?
6
Let r(v) = -v + 9. Suppose 5*t - 28 = -h, 5*t + 5*h = 6 + 34. Suppose 126 = t*x - 219. Let o = -64 + x. Give r(o).
4
Let n(q) be the first derivative of q**3 - 1/4*q**4 + 2 - 2*q + 1/2*q**2. Let g be (78/(-15 - -2))/(0 - 2). What is n(g)?
1
Let b be ((3 - 10) + 5)/(1/(-2)). Let h(y) = 0*y + 3*y + 0 - b + 9 + 22. What is h(-8)?
3
Let s = -18 - -20. Suppose 3*n - 19 - s = 0. Let r(y) = -9*y + y - n + y**2 + 6. What is r(9)?
8
Let l(u) = 16*u - 17. Let t(q) = -48*q + 62. Let s(d) = -8*l(d) - 3*t(d). Determine s(3).
-2
Let n(s) be the third derivative of s**4/24 + 7*s**3/6 + 10*s**2. Let y be (-2)/(-6)*15 - 10. Determine n(y).
2
Let y be 4*(-2 - (77/(-4))/7). Let m be 6/14 - ((-190)/14 + y). Let c(i) = -m + 25*i - 13*i - 11*i + 3. Determine c(6).
-2
Let l be (6 + 2)/(14/77). Let f = l + -17. Suppose -4*d - 12 = -2*s + 6, -5*d + 4*s = f. Let y(a) = -2*a**2 - 5*a - 2. Determine y(d).
-5
Let y(q) = -3*q. Suppose -4*o + 3*z = -26, 4*o - 4*z - z - 30 = 0. Let h(i) = 2*i. Let x(d) = o*h(d) + 3*y(d). Suppose 6 = -f + 2. Give x(f).
-4
Let o(i) = i**3 + 4*i**2 - 6*i + 1. Let k = 66 - 86. Let t be (9/6)/(6/k). Determine o(t).
6
Let v(g) = -7*g - 6 + 5*g**3 + 2*g**3 + 5*g**2 + g**3 - 7*g**3. Let z(q) = 15*q - 936. Let p be z(62). What is v(p)?
0
Let j be 16/24 + 2/(-3). Suppose 3*b + 16 = c - 3*c, j = c + 2. Let k be ((-12)/(-18))/(b/(-30)). Let z(t) = t**2 - 4*t + 4. Calculate z(k).
9
Let l(p) be the third derivative of p**4/12 - p**3/6 + p**2. Let q be (63/105)/(3/165). Suppose 4*f - 13 + q = 0, -3*h - 4*f = 11. Calculate l(h).
5
Let u(p) = -6*p**2 - 11*p**2 - 3*p**3 - 4 + 14*p**2 - 4*p + 2*p**3. Let a be (0 - -4)*7/14. Suppose -2*g + a*j = -2*j - 10, 29 = -3*g - 5*j. Give u(g).
8
Let z(o) = o**3 + 1 + 3294*o - 7*o**2 - 3289*o + 12 + 0*o**3. Calculate z(6).
7
Let u(a) = -99*a + 568. Let t be u(6). Let f(o) = o**3 + 25*o**2 - 27*o - 31. Give f(t).
-5
Let w(u) = 2*u**3 + 4*u**2 + 11*u + 16. Suppose 4*c + 36 = -4*s, 0 = -5*c - 252*s + 259*s + 39. Calculate w(c).
-6
Let f(k) = k + 10. Let r be f(-6). Suppose 0 = -3*m + r*m - 1. Let l(x) be the first derivative of -3*x**4/2 - x**3/3 - x**2/2 + x - 15263. What is l(m)?
-7
Let f(m) = 6*m + 5. Let r = 131 - 129. Suppose r*u = 3*p, p - 2*p - 17 = 5*u. Calculate f(u).
-13
Let s(w) be the third derivative of -w**4/8 - 19*w**3/6 + 146*w**2 + 13*w. Determine s(-20).
41
Let v = -158 - -161. Let i(m) = -m**2 + 8*m**2 - m**2 + m**v - 1 + m. Let s = -4 + -2. What is i(s)?
-7
Let m(s) = s**2 - 7*s + 1. Suppose 149 = -3*y + 23. Let k be (8/(-6))/(8/y). Calculate m(k).
1
Let k(y) be the first derivative of -13*y - 73 - 1/2*y**2. Calculate k(-12).
-1
Let q(t) = t - 4. Let y = -6 + 9. Suppose -2*g + 4*w + 158 = 0, 0 = -3*g + y*w + 6 + 216. Let m = -69 + g. Determine q(m).
-4
Let f(x) = -17*x - 81. Let q be f(-5). Let n(p) = 2*p**2 - 4*p**3 + 13*p - 1 - q*p**3 + 0*p**2 - 13*p. Let z = -2 - -1. What is n(z)?
9
Let p be 21/(193 + -25) - (-31)/8. Let m(f) be the second derivative of 5*f + 1/20*f**5 + 2/3*f**3 + 5/2*f**2 + 0 + 1/2*f**p. Give m(-5).
10
Let b(r) = r**3 + r**2 + 3. Suppose 5*m - 8 = -18. Let j(f) = -f**3 - f**2 - 1. Let g(z) = m*j(z) - b(z). Suppose 0*a + 10 = -5*a. Calculate g(a).
-5
Suppose 102 = -5*s + 122. Let r(j) be the third derivative of -j**4/4 + 3*j**3/2 - 70*j**2. Give r(s).
-15
Let q be ((-205)/50 + 4/(-10))*160/144. Let o(c) = -3*c - 6*c**2 - 1 + 0*c**3 + 7 - c**3. Determine o(q).
-4
Let z(y) = -103 + 52 - 7*y + 49 - 13*y + 43*y. What is z(-2)?
-48
Let f(d) = -4*d**2 - 5*d - 6. Let o be f(-1). Let u be -7 + -1*15/o. Let g(j) = j + 7. Determine g(u).
3
Let i(t) be the first derivative of -16 - 7*t + 1/2*t**2. Suppose 3 = 4*r - r - 2*v, 15 = 4*r + v. Determine i(r).
-4
Let m = -10464 + 10434. Let j(h) = h**3 + 31*h**2 + 36*h + 167. What is j(m)?
-13
Let s be 3 + 22/(-6) - 3570/18. Let l = s + 198. Let k(w) = -21*w. Determine k(l).
21
Let v(b) = 160*b - 39. Let c(p) = -37*p + 10. Let m(j) = 9*c(j) + 2*v(j). Calculate m(-4).
64
Suppose a - 3*w = -2*w - 10, 2*w = a + 6. Let q(i) = i**2 + 14*i + 8. Let f be q(a). Suppose f*v = 4*v - 24. Let z(s) = -s - 3. Determine z(v).
3
Let s(v) = 7*v**2 - 35*v + 469. Let q(n) = -11*n**2 + 52*n - 725. Let j(o) = -13*q(o) - 20*s(o). Give j(-5).
0
Let x(s) = -21*s**3 - s**2 + s. Suppose 35*b + 64*b = -297. Let m(h) = h - 3*h**2 + 1 + h**2 - h**3 + 2*h. Let i be m(b). Give x(i).
-21
Let o be (6/9)/((-2)/(-9)). Let r(v) = 6*v + 10*v**2 - 7*v**2 - 17*v**3 + 16*v**o. Let s be r(4). Let a(c) = -c + 10. Calculate a(s).
2
Let r(w) = -58*w + 5. Let v be r(-2). Let k = v - 119. Let f(i) = 2*i**2 - i - 2. Let c(g) = -g**2 + g - 1. Let u(t) = c(t) - f(t). Give u(k).
-7
Suppose 2*z = d + 14, -5*d = -111*z + 115*z. Let p(j) = -4*j**2 + j - 4. Let r(x) = 4*x**2 - 2*x + 5. Let h(b) = 6*p(b) + 5*r(b). Give h(d).
-47
Let p(r) = -5*r - 8. Let t(s) = 11*s + 17. Let x be ((-6)/(-15))/((-1)/5). Let n(q) = x*t(q) - 5*p(q). Let f be ((-68)/(-16) - 3)*(-4 + 8). Determine n(f).
21
Let u(q) = 10*q**3 - 9*q**2 + 6 - 5*q**3 - 6*q**3 + 12*q + 3*q - 17*q. What is u(-6)?
-90
Let p(i) be the third derivative of i**7/5040 + i**6/60 + 27*i**5/10 - 3*i**2 - 16. Let m(b) be the third derivative of p(b). Calculate m(-7).
5
Suppose -3*x = 3*t - 9, -t - 4*t = 3*x - 5. Let i(h) = 0*h + 4*h + 7 - x*h. Calculate i(8).
-1
Let o(b) = -2*b**2 + b - 6. Let y(z) = 2*z**2 - 2*z + 6. Let u(j) = 7*o(j) + 8*y(j). What is u(6)?
24
Let u(n) be the second derivative of -4*n**2 - 1/6*n**3 + 0 - 33*n. Calculate u(-12).
4
Suppose -2*n + 9*n - 49 = 0. Let w(y) = 3*y**3 - 4*y**2 - 5*y + 4. Let d(q) = 4*q**3 - 3*q**2 - 4*q + 4. Let x(p) = -2*d(p) + 3*w(p). Give x(n).
4
Let d(q) = -5*q + 6. Let i(p) = p**3 + 20*p**2 + 23*